ate c(1).
-5
Let f(r) = r**3 + 2*r**2 + 2*r + 1. What is f(-3)?
-14
Let d(n) = 10*n + 29. Give d(-10).
-71
Let u(a) = -a**3 - 6*a**2 - 4*a + 6. What is u(-6)?
30
Let b(v) = -v**3 + 5*v**2 - 2*v - 5. What is b(5)?
-15
Let g(u) = u**3 + 4*u**2 - u - 2. What is g(1)?
2
Let h(m) = 9*m**2 + 54*m + 4. Give h(-6).
4
Let l(w) = -5*w**2 - 15*w + 38. What is l(2)?
-12
Let a(h) = 9*h + 25. Determine a(-3).
-2
Let p(h) = -6*h + 32. Calculate p(11).
-34
Let f(d) = 4*d**3 + 4*d**2 - 4*d - 7. Determine f(-1).
-3
Let q(y) = -y + 12. Calculate q(12).
0
Let w(j) = -j - 30. Give w(-7).
-23
Let r(q) = -q**2 + 5*q + 1. What is r(8)?
-23
Let g(f) = -f**3 - 32*f**2 - 62*f - 58. Give g(-30).
2
Let n(s) = s**2 - 11*s + 11. Determine n(9).
-7
Let f(q) = 3*q - 4. Calculate f(2).
2
Let b(n) = 4*n**3 - 2*n**2 + 5*n - 4. Determine b(1).
3
Let n(v) = v**3 + 25*v**2 - 25*v + 31. Give n(-26).
5
Let g(v) = 2*v**2 - 4*v - 4. Give g(0).
-4
Let q(b) = b**3 + 9*b**2 - 11*b - 10. Calculate q(-10).
0
Let m(l) = -l**3 - 10*l**2 - 3*l + 23. Determine m(-10).
53
Let p(b) = -b**2 - 3*b + 20. Determine p(-6).
2
Let v(k) = k**3 + 6*k**2 + 8*k + 1. What is v(-4)?
1
Let x(w) = w**3 + 5*w**2 + 12*w + 14. Determine x(-2).
2
Let n(s) = 3*s**2 + s - 8. Calculate n(4).
44
Let k(q) = 2*q**3 + 3*q**2 + 6*q + 5. Give k(-2).
-11
Let b(h) = -h**3 + 13*h**2 - 6*h + 3. What is b(13)?
-75
Let k(q) = -q**3 - 8*q**2 - 13*q + 16. What is k(-7)?
58
Let f(c) = 9*c**3 + 2*c**2 + 2*c - 4. What is f(-2)?
-72
Let c(x) = x**3 + 8*x**2 - 23*x + 6. What is c(3)?
36
Let w(o) = o**3 - 4*o**2 + 6*o - 5. Give w(4).
19
Let g(x) = -x**2 + 140*x - 936. Give g(7).
-5
Let w(a) = -a**3 - 4*a**2 + 7*a + 27. What is w(-3)?
-3
Let o(y) = -7*y + 26. Give o(3).
5
Let o(i) = 3*i - 36. What is o(15)?
9
Let l(y) = -y**3 + 15*y**2 + y - 31. Determine l(15).
-16
Let f(w) = -w**2 + 5*w - 2. Calculate f(3).
4
Let d(i) = -i**3 + i**2 + 5*i + 1. Calculate d(-3).
22
Let f(c) = -c**3 - 6*c**2 - 6*c + 2. Determine f(-4).
-6
Let q(i) = i**3 + 16*i**2 + 26*i - 3. Determine q(-14).
25
Let f(b) = 2*b - 21. What is f(9)?
-3
Let z(d) = -d**2 - 5*d - 6. What is z(-6)?
-12
Let r(v) = -2*v - 68. What is r(-39)?
10
Let o(t) = 2*t**3 + 7*t**2 - 5. Give o(-5).
-80
Let p(u) = -u**3 + 7*u**2 + 8*u - 7. Give p(8).
-7
Let l(t) = 7*t + 19. Give l(-10).
-51
Let l(m) = -35*m + 3. What is l(0)?
3
Let s(d) = 12*d + 6. Determine s(3).
42
Let j(w) = -w**3 - 10*w**2 - 9. Give j(-10).
-9
Let r(b) = -10*b - 16. Determine r(-3).
14
Let g(c) = -c**3 + 3*c**2 - 3*c + 4. What is g(3)?
-5
Let b(a) = a**2 - 6*a - 1. Determine b(7).
6
Let n(a) = 3*a + 6. Give n(-10).
-24
Let f(j) = 19*j + 5. Determine f(-2).
-33
Let o(g) = -6*g**3 - 4*g**2 + 6*g + 3. Calculate o(-2).
23
Let a(m) = 2*m**3 + 14*m**2 + 15*m + 11. Calculate a(-6).
-7
Let h(c) = -5*c**3 - c**2 + 1. Give h(-1).
5
Let n(b) = -6*b - 36. Determine n(-6).
0
Let n(l) = -11*l - 11. Calculate n(-3).
22
Let n(q) = 5*q**2 + 4*q - 7. Calculate n(3).
50
Let c(j) = 2*j - 14. Give c(10).
6
Let h(r) = -r - 15. Give h(-13).
-2
Let y(j) = 2*j**3 - j**2. Calculate y(1).
1
Let d(i) = -i**2 + 5*i + 25. What is d(8)?
1
Let l(p) = -p**2 - 32*p + 270. Calculate l(-39).
-3
Let n(d) = 2*d**2 + d - 4. Determine n(-3).
11
Let d(i) = -i**2 + 19*i - 3. Determine d(18).
15
Let v(o) = o**3 + 16*o**2 - 16*o + 12. Calculate v(-17).
-5
Let t(i) = -3*i**3 - i**2 - 6*i - 5. Calculate t(-1).
3
Let i(l) = -l**2 - l. What is i(3)?
-12
Let b(y) = -y**3 - 3*y**2 - 4. Calculate b(-2).
-8
Let l(h) = h**3 + 4*h**2 + h - 5. Give l(-4).
-9
Let y(c) = c**3 + 4*c**2 + 4*c + 6. Calculate y(-3).
3
Let a(w) = -5*w**2 - 12*w + 12. Determine a(-3).
3
Let u(i) = -i**2 + 17*i - 20. Calculate u(16).
-4
Let l(f) = 51*f + 221. What is l(-4)?
17
Let k(y) = y**2 + 32*y + 25. Determine k(-31).
-6
Let v(r) = -r - 22. Calculate v(6).
-28
Let a(h) = -2*h**2 + h + 5. What is a(-4)?
-31
Let z(i) = i**2 - i + 3. Calculate z(-5).
33
Let t(u) = -2*u**3 + 5*u**2 + u + 9. Determine t(4).
-35
Let j(q) = 3*q - 21. Calculate j(9).
6
Let h(s) = 60*s - 22. Give h(1).
38
Let h(z) = 3*z**3 - 4*z**2 + 6*z - 2. What is h(2)?
18
Let d(c) = 104*c - 513. Give d(5).
7
Let a(v) = -5*v + 34. Give a(6).
4
Let n(s) = -81*s - 17. Give n(-2).
145
Let r(h) = h**3 - 6*h**2 - 10*h. Calculate r(7).
-21
Let r(a) = -a**3 + 6*a**2 + 8*a. What is r(6)?
48
Let z(w) = 14*w - 194. What is z(14)?
2
Let r(c) = -2*c**2 - 11*c. Calculate r(-7).
-21
Let i(f) = -3*f**2 - 44*f + 97. Give i(2).
-3
Let g(r) = -2*r**2 + 32*r - 116. What is g(11)?
-6
Let m(l) = l - 16. Determine m(-7).
-23
Let n(d) = d**2 - 3*d + 5. Calculate n(7).
33
Let m(p) = p**3 - p**2 + 12. What is m(0)?
12
Let l(h) = 2*h**3 + 16*h**2 + h + 10. Give l(-8).
2
Let n(z) = z**3 + 6. What is n(0)?
6
Let c(p) = 24*p - 85. Determine c(4).
11
Let m(h) = -h**3 - h - 49. What is m(0)?
-49
Let p(a) = -a**3 + 41*a**2 + 39*a + 132. Determine p(42).
6
Let p(n) = -n**3 + 3*n**2 + n + 1. Determine p(4).
-11
Let w(l) = -l**3 - 9*l**2 - 6*l + 9. Calculate w(-8).
-7
Let c(y) = -2*y**2 + 3*y - 2. Calculate c(1).
-1
Let k(s) = -s**2 + 17*s + 95. Calculate k(21).
11
Let r(p) = -4*p**2 + 8*p + 8. Determine r(4).
-24
Let j(q) = q**2 + 10*q + 4. Calculate j(-9).
-5
Let o(f) = -9*f + 249. What is o(27)?
6
Let q(o) = -o**3 - 9*o**2 + 23*o + 19. Give q(-10).
-111
Let u(r) = 12*r**3 + r**2 + 2*r + 1. Give u(2).
105
Let m(w) = 2*w**3 + 57*w**2 + 23*w - 124. Give m(-28).
16
Let a(k) = k**2 + 8*k + 3. What is a(-7)?
-4
Let k(r) = 2*r**3 + 7*r**2 - 12*r - 8. What is k(-5)?
-23
Let l(p) = 2*p**2 - 12*p - 14. Calculate l(7).
0
Let m(r) = -r**3 + 3*r**2 + 8*r - 1. Calculate m(-4).
79
Let x(m) = -7*m**3 + m**2. Calculate x(-1).
8
Let n(i) = -2*i + 19. Calculate n(9).
1
Let n(a) = 2*a**2 + 5*a + 2. Calculate n(-4).
14
Let o(s) = -s**3 - 15*s**2 + 2*s + 29. Give o(-15).
-1
Let u(n) = n**3 - 4*n**2 + 6*n - 7. Calculate u(3).
2
Let n(h) = 8*h**3 - h**2 + 2*h + 2. Calculate n(-1).
-9
Let r(u) = u**3 - 8*u**2 - 8*u - 10. What is r(9)?
-1
Let v(l) = -2*l**3 + 3*l**2 - 4*l + 3. What is v(2)?
-9
Let d(h) = 3*h + 5. Determine d(9).
32
Let t(k) = 9*k - 21. What is t(6)?
33
Let c(z) = -z**3 - 8*z**2 + 9*z - 2. Determine c(-9).
-2
Let m(o) = -3*o**2 - 35*o + 17. Determine m(-12).
5
Let g(d) = d**2 - 36*d - 32. Determine g(37).
5
Let c(u) = u**3 - 6*u**2 - 11*u + 6. What is c(6)?
-60
Let q(r) = -4*r**3 + 3*r**2 + 4*r - 3. Calculate q(2).
-15
Let i(z) = z**3 + z**2 - z + 6. Calculate i(-3).
-9
Let g(b) = b**3 - 8*b**2 + 13*b - 6. Give g(5).
-16
Let o(u) = -4*u + 34. What is o(7)?
6
Let l(t) = -3*t - 2. What is l(9)?
-29
Let f(u) = 39*u - 1. Determine f(1).
38
Let m(h) = h**3 + 7*h**2 - 5. Determine m(-7).
-5
Let b(g) = -g**2 - 2*g + 6. Give b(4).
-18
Let x(y) = 5*y**2 - 47*y + 51. Calculate x(8).
-5
Let o(p) = p - 3. Give o(-1).
-4
Let l(t) = -t**3 + 10*t**2 - 25*t + 13. Determine l(6).
7
Let c(p) = p**2 + p + 174. Calculate c(0).
174
Let x(h) = 5*h**2 + 3*h + 4. Give x(-1).
6
Let s(g) = 2*g**2 + 34*g - 32. Give s(-18).
4
Let m(p) = -25*p - 14. What is m(-1)?
11
Let f(x) = -x**3 - 4*x**2 + 14*x + 8. What is f(-6)?
-4
Let u(r) = -4*r + 19. Calculate u(11).
-25
Let m(k) = 4*k**2 + 7*k + 4. Determine m(-5).
69
Let h(r) = -3*r + 40. Give h(17).
-11
Let h(p) = -3*p + 19. What is h(6)?
1
Let b(t) = 10*t + 9. Calculate b(-2).
-11
Let s(w) = -w**3 + 5*w**2 + 3*w - 5. Determine s(6).
-23
Let v(j) = 59*j - 235. Determine v(4).
1
Let n(p) = p**3 - 10*p**2 + 8*p + 5. What is n(8)?
-59
Let z(t) = -9*t - 84. Calculate z(-9).
-3
Let i(n) = -2*n**2 + 32*n - 103. Determine i(5).
7
Let s(u) = 4*u**2 + 170*u - 83. Determine s(-43).
3
Let a(s) = 49*s + 27. What is a(-2)?
-71
Let i(n) = -n**3 - 8*n**2 + 27*n + 42. Give i(-10).
-28
Let g(c) = 2*c + 6. Calculate g(6).
18
Let y(g) = g**2 - 3*g - 70. Give y(9).
-16
Let w(h) = -h**3 + 5*h**2 + 7*h - 3. Give w(6).
3
Let r(a) = -3*a + 2. What is r(2)?
-4
Let n(q) = -3*q**2 - 23*q - 20. What is n(-9)?
-56
Let j(l) = l**2 - 12*l + 19. Calculate j(13).
32
Let m(r) = -r**2 + 13*r + 19. Determine m(13).
19
Let m(l) = -l**3 - 5*l**2 + 11*l + 18. Determine m(-6).
-12
Let s(y) = -y**3 - 5*y**2 + 8*y + 46. Calculate s(-5).
6
Let a(x) = 2*x - 9. Give a(8).
7
Let x(q) = -q**2 + 2*q + 7. Give x(3).
4
Let j(b) = b**3 - 9*b**2 + 6*b + 10. Give j(8).
-6
Let p(n) = n**2 - 51*n - 480. What